
What are the prime factors of 31194368?
2, 121853
What are the prime factors of 832107048?
2, 3, 127, 273001
List the prime factors of 128279197.
107, 769, 1559
List the prime factors of 88208395.
5, 11, 145799
List the prime factors of 99846301.
43, 107, 21701
List the prime factors of 41786251.
13, 3214327
List the prime factors of 21316078.
2, 7, 23, 193
List the prime factors of 611708300.
2, 5, 7, 107, 8167
What are the prime factors of 1120829658?
2, 3, 13, 43, 334177
What are the prime factors of 46833378?
2, 3, 2029, 3847
List the prime factors of 191156876.
2, 103, 463973
List the prime factors of 35655437.
1373, 25969
List the prime factors of 21638994.
2, 3, 13, 17, 16319
List the prime factors of 4972815577.
37, 53, 199, 12743
What are the prime factors of 225202702?
2, 103, 839, 1303
List the prime factors of 3465689815.
5, 7, 89, 1112581
List the prime factors of 375326204.
2, 11, 17, 151, 3323
What are the prime factors of 5863365964?
2, 43, 34089337
List the prime factors of 229041834.
2, 3, 7, 1217, 4481
What are the prime factors of 260875294?
2, 347, 375901
What are the prime factors of 71896854?
2, 3, 709, 16901
List the prime factors of 83518654.
2, 17, 2456431
List the prime factors of 209932079.
7, 157, 191021
What are the prime factors of 6159049?
13, 17, 29, 31
What are the prime factors of 23089608?
2, 3, 23, 73, 191
List the prime factors of 37674192.
2, 3, 43, 18253
List the prime factors of 50633132.
2, 11, 1049, 1097
List the prime factors of 102038421.
3, 61, 239, 2333
What are the prime factors of 681894733?
13, 101, 619, 839
List the prime factors of 99068686.
2, 79, 627017
What are the prime factors of 93935741?
151, 622091
List the prime factors of 9020718581.
7, 1288674083
List the prime factors of 165452295.
3, 5, 601, 18353
What are the prime factors of 1580222218?
2, 790111109
List the prime factors of 994335499.
29, 283, 121157
What are the prime factors of 1868995960?
2, 5, 13, 3594223
What are the prime factors of 1834353895?
5, 11, 33351889
List the prime factors of 162229898.
2, 7757, 10457
List the prime factors of 7636900363.
7636900363
List the prime factors of 1460384549.
13, 31, 3623783
What are the prime factors of 354621408?
2, 3, 3693973
List the prime factors of 5903889682.
2, 37, 521, 153133
List the prime factors of 225656647.
43, 199, 26371
List the prime factors of 18842616.
2, 3, 13, 41, 491
What are the prime factors of 1339584158?
2, 11, 769, 79181
What are the prime factors of 153162811?
153162811
What are the prime factors of 37533716?
2, 11, 77549
What are the prime factors of 185768858?
2, 11, 43, 359, 547
What are the prime factors of 107919889?
7, 11, 199, 7043
List the prime factors of 1481320961.
227, 6525643
List the prime factors of 27826988.
2, 7, 993821
What are the prime factors of 1795900?
2, 5, 17959
List the prime factors of 1474964510.
2, 5, 147496451
What are the prime factors of 562238666?
2, 11, 157, 162779
What are the prime factors of 69108166?
2, 331, 104393
What are the prime factors of 153582419?
5501, 27919
What are the prime factors of 31614294?
2, 3, 5269049
List the prime factors of 113668923.
3, 431, 87911
What are the prime factors of 53011948?
2, 11, 43, 28019
What are the prime factors of 213947244?
2, 3, 7, 17, 31, 179
What are the prime factors of 1702130874?
2, 3, 89, 503, 6337
What are the prime factors of 799095416?
2, 7, 53, 269237
List the prime factors of 2226128529.
3, 17, 373, 117023
List the prime factors of 122403864.
2, 3, 11, 79, 5869
List the prime factors of 101372915.
5, 7, 59, 7013
What are the prime factors of 101248136?
2, 11, 1150547
List the prime factors of 138942016.
2, 29, 74861
List the prime factors of 951798491.
7, 107, 181537
List the prime factors of 9415914.
2, 3, 1569319
List the prime factors of 38576376.
2, 3, 535783
What are the prime factors of 183414968?
2, 11, 271, 7691
What are the prime factors of 17611119?
3, 19, 181, 569
What are the prime factors of 74264397?
3, 43, 575693
List the prime factors of 2779597688.
2, 7, 49635673
List the prime factors of 288751742.
2, 6337, 22783
What are the prime factors of 30741174?
2, 3, 103, 5527
What are the prime factors of 1083249?
3, 37, 3253
List the prime factors of 565059115.
5, 4093, 27611
What are the prime factors of 29867838?
2, 3, 7, 11, 13, 4973
List the prime factors of 234325571.
234325571
What are the prime factors of 325182310?
2, 5, 1511, 21521
List the prime factors of 40241029.
61, 659689
List the prime factors of 149005394.
2, 647, 115151
What are the prime factors of 42011541?
3, 11, 13, 31
What are the prime factors of 2489489470?
2, 5, 13, 3331, 5749
What are the prime factors of 57453308?
2, 11, 1013, 1289
List the prime factors of 21751558.
2, 197, 55207
List the prime factors of 47999459.
23, 2086933
List the prime factors of 99845713.
11, 9076883
List the prime factors of 2190007959.
3, 89, 8202277
What are the prime factors of 486697504?
2, 15209297
List the prime factors of 167443255.
5, 7, 4784093
List the prime factors of 1436468328.
2, 3, 31, 53, 12143
What are the prime factors of 234982832?
2, 7, 299723
List the prime factors of 246588496.
2, 7, 11, 200153
List the prime factors of 710193434.
2, 67, 5299951
What are the prime factors of 3371768440?
2, 5, 17, 199, 24917
List the prime factors of 4211179529.
4211179529
List the prime factors of 21016704.
2, 3, 229, 239
List the prime factors of 972027441.
3, 7, 11, 19, 73823
What are the prime factors of 219056147?
43, 5094329
What are the prime factors of 20966460?
2, 3, 5, 223, 1567
List the prime factors of 14607942.
2, 3, 2434657
What are the prime factors of 147130002?
2, 3, 17, 283, 1699
List the prime factors of 335988930.
2, 3, 5, 353, 31727
What are the prime factors of 1940551357?
1487, 1305011
List the prime factors of 93611752.
2, 13, 181, 4973
What are the prime factors of 130459795?
5, 19, 23, 59707
List the prime factors of 37870403.
107, 353929
What are the prime factors of 4987869549?
3, 13, 1069, 9203
What are the prime factors of 430500309?
3, 19, 79, 95603
List the prime factors of 156567894.
2, 3, 7, 97, 38431
List the prime factors of 73627082.
2, 3299, 11159
What are the prime factors of 4695801372?
2, 3, 131, 251, 3967
What are the prime factors of 204615204?
2, 3, 73, 163, 1433
List the prime factors of 792972101.
9787, 81023
List the prime factors of 1385660433.
3, 67, 1373, 5021
What are the prime factors of 62586236?
2, 15646559
What are the prime factors of 253101570?
2, 3, 5, 613, 13763
List the prime factors of 345082031.
7, 17, 1039, 2791
List the prime factors of 1158431183.
7, 13, 12730013
What are the prime factors of 1113167475?
3, 5, 7, 235591
What are the prime factors of 23750?
2, 5, 19
List the prime factors of 45928162.
2, 7, 3280583
What are the prime factors of 3522542690?
2, 5, 23, 167, 293, 313
What are the prime factors of 582509205?
3, 5, 71, 60773
List the prime factors of 247331563.
247331563
What are the prime factors of 221902653?
3, 7, 19, 37, 15031
What are the prime factors of 316986188?
2, 5227, 15161
What are the prime factors of 1178228170?
2, 5, 7, 16831831
List the prime factors of 1882740335.
5, 7, 47, 1144523
List the prime factors of 475300136.
2, 3761, 15797
List the prime factors of 379757033.
17, 22338649
List the prime factors of 640666718.
2, 43, 7449613
List the prime factors of 4379342132.
2, 11, 99530503
What are the prime factors of 126885961?
126885961
List the prime factors of 493070270.
2, 5, 7, 11, 103, 6217
What are the prime factors of 51901767?
3, 109, 191, 277
What are the prime factors of 1175085905?
5, 7, 1693, 2833
What are the prime factors of 1448377959?
3, 7, 68970379
What are the prime factors of 67306852?
2, 107, 157259
What are the prime factors of 4650821?
7, 664403
List the prime factors of 1547672266.
2, 7, 110548019
List the prime factors of 48049588.
2, 53, 226649
What are the prime factors of 17956072?
2, 2244509
What are the prime factors of 232991943?
3, 89, 151, 5779
What are the prime factors of 139073312?
2, 7, 19, 41, 797
What are the prime factors of 31255303?
31255303
What are the prime factors of 2172846349?
37, 6299, 9323
List the prime factors of 421477839.
3, 193, 242647
List the pri